z?
3, 5
Let l(i) = -i**2 - 9*i - 4. Let j(c) = -c**2 + c - 2. Let h be j(2). Let y be l(h). Suppose 0 = u + u - y. List the prime factors of u.
2
What are the prime factors of 2 + 0 + 117/9?
3, 5
Suppose 0 = 3*p - 4*p - 6. Let i(j) = -2*j. Let h(t) = 5*t + 4. Let q(x) = -2*h(x) - 4*i(x). What are the prime factors of q(p)?
2
Suppose -f + 3*b = -0*f - 22, 5*b = 20. What are the prime factors of f?
2, 17
Suppose -n = 17*n - 5562. What are the prime factors of n?
3, 103
Let h be 10/(-15) - (-37)/(-3). Let i be (-1)/(-2 - h/6). Let m = 2 - i. List the prime factors of m.
2
What are the prime factors of ((-19)/(-2))/((-1)/(-6))?
3, 19
Let c(d) = -d**3 - 4*d**2 - 3. Let h(u) = u**3 + 4*u**2 + 2. Let r(i) = 5*c(i) + 6*h(i). Let b be r(-3). Suppose v - b = -v. List the prime factors of v.
3
Let t(b) = b**2 + 3*b + 2. Let q be t(-3). Let r(c) = 2 - c**2 + 4 - 2*c**2 + q*c**2. List the prime factors of r(0).
2, 3
Let l = -20 - -10. Let y = 3 - l. What are the prime factors of y?
13
Suppose 0 = -k + 18 + 47. List the prime factors of k.
5, 13
Let s = 81 + 12. What are the prime factors of s?
3, 31
Let h(w) = w**3 - 14*w**2 + 3*w + 19. What are the prime factors of h(14)?
61
Let q(n) = n - 7. Let j be q(11). Suppose 0 = -2*z + j. Let o(c) = 2*c**3 - c**2 - 2*c + 3. What are the prime factors of o(z)?
11
Suppose i - 2*i + 100 = 0. What are the prime factors of i?
2, 5
Let k(n) = 3*n**3 + n**2 - 2*n + 3. Let d(w) = 4*w**3 - 3*w + 3. Let r(o) = -2*d(o) + 3*k(o). What are the prime factors of r(-3)?
3
Let o be 1/(-2) + (-532)/(-8). Suppose 7*j - 4*j - o = 0. What are the prime factors of j?
2, 11
Suppose -k + 4 = -19. Let q = -15 + k. What are the prime factors of q?
2
Let y(c) = -2*c + 14. Let t be y(6). Suppose 28 = 4*g + t*u - 34, 19 = g + 4*u. What are the prime factors of g?
3, 5
Let r = 472 + -271. List the prime factors of r.
3, 67
Let m(h) = h**2 - 1. Suppose 0 = 2*t - 0*t - 2. Let y be m(t). What are the prime factors of (-5)/(-1 + y + 0)?
5
List the prime factors of (18/7)/3*7.
2, 3
Let n(v) = 0*v - 5 + 5*v + 4 + v**3 - 7*v. List the prime factors of n(2).
3
Let p(a) = a**3 + 11*a**2 + 10*a. Let x be p(-10). Let i(z) = z + 10. What are the prime factors of i(x)?
2, 5
Let s = -7 + 15. Let g = s + 8. What are the prime factors of g?
2
Let h(i) = -i**2 - i - 1. Let n be h(-3). Let c = n - -8. Suppose -c = x - 20. What are the prime factors of x?
19
Let g(z) be the second derivative of -z**4/12 - z**3/6 + z. Let l(d) = -d**3 + 2*d + 1. Let j(c) = 2*g(c) + l(c). List the prime factors of j(-3).
2, 5
Suppose -q - 11 = -34. List the prime factors of q.
23
Suppose 2*q + 41 = 5*r, 2*r = 4*q + 4*r + 22. Suppose 2*u = 31 + 23. Let f = q + u. List the prime factors of f.
19
Let c(v) = 11*v + 19. List the prime factors of c(9).
2, 59
Suppose -7 = 4*i + 5. Suppose 50 = 5*o + 5*g, 0 = -4*o + o + 2*g + 10. Let h = o + i. What are the prime factors of h?
3
Let k be (2/(-3))/((-4)/30). List the prime factors of -2 + 1 - (-55)/k.
2, 5
Let z = 94 + -63. What are the prime factors of z?
31
Suppose 4*w - 7 = 3*w. Let l(j) = -16*j + 1. Let f be l(w). List the prime factors of f/(-9) - (-1)/(-3).
2, 3
Let a = -3 - -8. Suppose -5*i + 45 = a*z, 2*z - i + 5 = 35. What are the prime factors of z?
13
Suppose -3*m + 0*m = -12. Suppose m*x - 192 + 60 = 0. List the prime factors of x.
3, 11
Suppose 0 = -y - 3*y + 24. Let m(o) = 3*o**3 - 8*o**2 - o - 1. Let l(q) = -q**3 + q**2 + q. Let k(r) = 2*l(r) + m(r). What are the prime factors of k(y)?
5
Suppose 2*z - 28 = 12. List the prime factors of z.
2, 5
Let b = -506 - -770. What are the prime factors of (-2)/(-9) + b/27?
2, 5
Let x(w) = -w**3 + 5*w**2 + 8*w - 5. Let b be x(6). Let q(f) = 2*f - 10. List the prime factors of q(b).
2
Suppose 2*f - 142 = 28. What are the prime factors of f?
5, 17
What are the prime factors of (-1 - 5)/(15/(-20))?
2
Let j = 40 + -27. Suppose j = 2*r + 5*b, -r + 17 = -4*b + 4. What are the prime factors of r?
3
What are the prime factors of (-26)/(-13)*-3*(-71)/2?
3, 71
Suppose -2*n = -l + 326, 7*n - 9*n = -4*l + 1292. What are the prime factors of l?
2, 7, 23
Suppose -5*k + 28 + 22 = 0. What are the prime factors of k?
2, 5
Let g be (-1)/2*(2 - 2). Let a = g + -3. Let n = a - -6. List the prime factors of n.
3
Let r(l) = -l**3 + 10*l**2 + l - 1. Let g(w) = -2*w**3 + 21*w**2 + 2*w - 3. Let s(i) = -4*g(i) + 9*r(i). List the prime factors of s(6).
3
Let c = -8 + 6. Let g(r) = -2*r**3 - 3*r**2 - r - 2. Let v be g(c). Suppose -2*q - 14 = -v*t, -1 + 0 = -2*q + t. List the prime factors of q.
3
Let h = 24 - 19. Suppose 3*y - 6*y - 60 = -2*d, -h*d + 168 = -3*y. What are the prime factors of d?
2, 3
Let r(i) be the second derivative of 2*i**3/3 + 6*i**2 - 6*i. What are the prime factors of r(7)?
2, 5
Let a = -7 + -4. Suppose 5*p + 29 = 3*i, -2*p + 2*i - 13 = -3. Let r = p - a. What are the prime factors of r?
2
Let s(a) = 0 + 3 + 9*a**3 - 4 + 2*a - a - a**2. What are the prime factors of s(1)?
2
Let b = -75 + 131. What are the prime factors of b?
2, 7
Let v(t) = -4*t + 2. Let c be v(-2). Let n = 13 - c. What are the prime factors of n?
3
Let x be (-7 - -5)*(-3)/2. Let p = x - 0. What are the prime factors of p?
3
Suppose 4*a - 2*a = 5*s + 39, 5*s = -25. List the prime factors of a.
7
Let r = -87 - -167. List the prime factors of (-2)/6 - r/(-6).
13
Let g(b) = -16*b**3 - b**2 - b - 1. Suppose 0 = -3*w + 2*n + 3, -5*w - 4*n - 17 = -0*w. List the prime factors of g(w).
3, 5
Let g(d) = 2*d**3 - 5*d**2 - d + 3. Let j be g(4). Suppose 4*t - p = 72, p = -2*t - 11 + j. List the prime factors of t.
2, 3
Let g = -6 - -8. Suppose -g*z + 6 + 11 = n, -53 = -4*n - 5*z. What are the prime factors of n?
7
Let n(y) = y + 4. Let q be n(-3). Let d = 7 + q. Suppose d = 2*r - 4. What are the prime factors of r?
2, 3
Suppose -4*s = -2 - 18. Suppose 4*y + 3*r - 22 = 3*y, y - 22 = -s*r. What are the prime factors of y?
2, 11
Let t(f) = f**2 - 1. Let m be t(1). Suppose l - 1 - 3 = m. What are the prime factors of l?
2
Suppose -16 = -s + d, -6*d + 5*d = 5*s - 62. Suppose -17 = 5*h + 8. Let x = h + s. List the prime factors of x.
2
Suppose 778 + 1206 = 8*w. List the prime factors of w.
2, 31
Suppose -w + 5 = 0, -4*w = 3*a - 3*w + 40. What are the prime factors of 13 - (-5)/(a/(-6))?
3, 5
Let t be 16 - (1 - 3 - -4). Suppose -2*c + t + 32 = 0. What are the prime factors of c?
23
Suppose 61 = 3*a - 4*k, -2*a = -0*k + 5*k - 10. Suppose 4*c - 44 = 4*j, 0 = -5*c + 4*j - 9*j + a. What are the prime factors of c?
7
Let p = 16 - 6. What are the prime factors of ((-46)/p)/((-2)/10)?
23
Let w(x) = -x**2 + x - 10. Let o be w(0). Let b be 24/14 - o/35. What are the prime factors of (-4)/(0 - b) + 1?
3
Let q be 0*(9/(-6))/(-3). Suppose 0 = -q*d - d - 5*j + 27, -2*d + 5*j = 21. Suppose b - 5 = -d. What are the prime factors of b?
3
Let o = -22 + 1. Let w = o + 50. List the prime factors of w.
29
Suppose 547 = -3*i - 155. Suppose -5*b + 60 = -10*b. What are the prime factors of 4/6*i/b?
13
Suppose 4*c = 4*d + 8, 0 = -4*d + c + c. List the prime factors of (45/(-18))/(d/(-12)).
3, 5
Let k be 1 - (-6)/2 - 1. Suppose w - k*g + 4 = -7, 5*w - 3*g = 5. Suppose -q - w*q + 85 = 0. What are the prime factors of q?
17
List the prime factors of 3/15 + 2736/45.
61
Let u(m) = m**2 + 2*m + 1. Let n be u(-2). Suppose -a - 2*a = -15. Suppose 5*v + n = -5*g + 11, -a*v - 5 = 0. What are the prime factors of g?
3
Suppose 0 = -3*b - 2*g + 522, -3*g + 483 = 3*b - 39. What are the prime factors of b?
2, 3, 29
List the prime factors of (5 - 39/6)/(9/(-1572)).
2, 131
Let g(o) = o + 7. Let v be g(-5). Suppose -v*u - 4*k = 3*u - 45, 4*u - 4*k = 0. List the prime factors of u.
5
What are the prime factors of (27/12)/((-1)/(-88))?
2, 3, 11
Suppose -4*q - 28 = -2*s, -21 - 13 = -s - 2*q. List the prime factors of s.
2, 3
Suppose x - 101 = -5*u, -20 + 579 = 5*x - 2*u. What are the prime factors of x?
3, 37
Let w(l) = l**3 + l**2 - 2*l + 1. Suppose 0 = 2*m - 0*m + 2*z, 2*z = 3*m - 5. Let v be w(m). List the prime factors of (v/1)/(4/24).
2, 3
Let m = 54 - 42. List the prime factors of m.
2, 3
Suppose 4*p = -4, -2*p = 3*b - 1 - 3. Suppose -k + 5*i - i = 13, k + b*i = -1. Let x(r) = r**2 + r - 4. What are the prime factors of x(k)?
2
Suppose -5*l = -2*f + 15, 4*f + 12 = -0*f - 4*l. Sup